- 4*b + 5. Suppose -7*o - 104 + 531 = 0. Let v = o - 56. Give l(v).
10
Let d(y) = -3*y - 5. Let l(k) = 14*k + 27. Let o(g) = -6*d(g) - l(g). Give o(2).
11
Let c(j) = -j**3 + 9*j**2 - 19*j + 8. Let q be c(6). Let o(t) = 6*t**2 - t - 2. Give o(q).
20
Let y(b) = -b**3 + 8*b**2 - 7*b + 5. Let t(v) = 83*v**3 - v**2 + v - 4. Let z be t(2). Let h be (-4)/(-14) - z/(-98). Determine y(h).
5
Let x(s) be the second derivative of s**3/6 - 337*s. Let f be (6/3)/(2/(-5)). Calculate x(f).
-5
Let h(t) = t**2 + 2*t + 3. Suppose 0 = 29*p - 28*p + 2. Give h(p).
3
Let m be 747/(-81) - 2/(-9). Let c(y) be the first derivative of -5*y**3/3 - 7*y**2/2 + 8*y - 13. Let q(s) = s**2 + 1. Let f(v) = c(v) + 4*q(v). Calculate f(m).
-6
Let j(h) be the second derivative of -h + 0 - 9*h**2 - 1/6*h**3. Give j(-11).
-7
Suppose -85 = -5*p + 5*w, p - 2*p + 19 = w. Let t = -21 + p. Let s(c) = -c - 3. Calculate s(t).
0
Let h be ((-6)/(-28))/(6/14). Let b(f) be the first derivative of -6*f - h*f**2 - 2. Give b(-5).
-1
Let l(k) be the second derivative of -k**4/4 + k**3/2 + k**2 - 155*k. What is l(3)?
-16
Let s(d) = d**3 - 2*d**2 - 7*d + 6. Let w(c) = -5*c**2 + 25*c + 34. Let j be w(6). Calculate s(j).
10
Let n(g) = -2*g**3 - g**2 + g + 2. Let i(q) = -8 + 2*q**2 - 23*q - q**2 + 3*q**2. Let v be i(6). Determine n(v).
12
Let h be 10*((-224)/(-175))/8*10. Let n(l) = 2*l - 40. Give n(h).
-8
Let f(d) = 3*d - 3. Let b(z) = 8*z - 58. Let h be b(10). Let t = h - 25. Calculate f(t).
-12
Let x(z) = z**3 - 14*z**2 + 14*z - 10. Let p be (13/(-2))/(4/(4*-2)). What is x(p)?
3
Let v(b) = b**2 - 10*b - 2. Let t = 289 + -279. Determine v(t).
-2
Let v(z) be the first derivative of z**4/4 + 17*z**3/3 + 15*z**2/2 - 14*z + 20. Suppose -2*r = 14 + 18. Let a be v(r). Let f(u) = -u**2 + 2*u. Give f(a).
0
Suppose 13*k = 17*k + 20. Let s be 5*(2/(-20) - k/(-10)). Let n(m) be the first derivative of -5*m**2/2 - 3*m - 1. Give n(s).
12
Let q(r) = -r + 1. Let i be ((-17)/(-3))/((-17)/(-153)). Let v = i + -57. Determine q(v).
7
Let g(r) be the first derivative of -3*r**2/2 + r + 5. Determine g(2).
-5
Let x(a) = 0 + 4 - 5 - a. Let k(m) = -m**2 + 6*m - 7. Let z(u) = -k(u) + 3*x(u). Determine z(5).
-16
Suppose -5*b + 3*g + 21 = -8*b, -4*g = 0. Let a(o) = 2*o**2 - 4*o**2 + 8 + o**2 - 7*o. Determine a(b).
8
Let w = 114 + -117. Let x(i) = 2*i**2 + i - 7. What is x(w)?
8
Let u(z) = 5*z**3 + 24*z**2 + 3*z + 4. Let n(p) = 6*p**3 + 27*p**2 + 4*p + 5. Let k(x) = -6*n(x) + 7*u(x). Give k(4).
18
Let m be (-4 - 13 - -5)*2. Let u = -25 - m. Let y(c) = -8*c**3 - c - 1. Give y(u).
8
Let k(a) = -2*a**2 + 1. Let j = -20 + 12. Suppose 16*p + 6 = 19*p. Let l be (p/j)/(1/4). Calculate k(l).
-1
Let y = 3 - -5. Let j be 11 - y/(3 + 1). Suppose 6 = -5*k - j. Let l(u) = -u**2 + u + 4. Calculate l(k).
-8
Let l(w) = -4*w**3 + 15*w**2 + w + 6. Let i(y) = 2*y**3 - 7*y**2 - y - 3. Let n(v) = -9*i(v) - 4*l(v). Calculate n(4).
-57
Let v(m) = -m**2 - 15*m + 38. Let t be v(-17). Let h be 8 - (t/1 - 0). Let f(n) = 2*n - 1. Give f(h).
7
Suppose 7*h - 9*h + 10 = 0. Let g(x) = -6*x + 7. Calculate g(h).
-23
Let k(g) be the third derivative of -16*g**2 - 1/3*g**4 + 0*g - 5/6*g**3 + 0 - 1/60*g**5. What is k(-5)?
10
Let p(f) = 1 - f**2 - 246*f + 1 + 247*f. Let n = -3 - -5. Let j = n - 4. What is p(j)?
-4
Let x(a) be the third derivative of -a**6/120 + a**5/60 - a**4/24 + 11*a**3/6 + a**2 - 16. Calculate x(0).
11
Let d(j) = j**3 + 6*j**2 - 16*j + 8. Let w be d(-8). Let f(b) = -4*b + 27. Calculate f(w).
-5
Suppose 37*f - 32*f - 565 = 0. Let s = f + -109. Let g(w) = w - 2. What is g(s)?
2
Let l be (15/9 - 1)*3. Suppose 2*p + 1 = -0*p - 3*o, l*p = -o + 1. Suppose -3*u + p = 10. Let x(a) = -a**3 - 4*a**2 - 1. Give x(u).
-10
Let u(b) = 10*b. Let n = -22 + 24. Suppose -4 = -n*z, -2*p + 2 = -0*p - z. Give u(p).
20
Suppose -8 = -7*s + 5*s. Suppose 0 = -s*m + 5*h + 39, 3*m - 2*h - 26 = -2. Let r(u) be the third derivative of u**4/24 - u**3/6 + u**2. What is r(m)?
5
Let y(x) = -3*x - 3. Let i(t) = -t**2 + 12*t + 49. Let l be i(15). Determine y(l).
-15
Let f(v) be the first derivative of v**6/120 - v**5/60 - v**4/12 - v**3/2 - 6*v**2 + 3. Let u(r) be the second derivative of f(r). Give u(3).
9
Suppose 3*v = -7*v + 110. Let j(l) = -4 - 6*l + v*l - 6*l. What is j(-3)?
-1
Let g(k) = k**3 - 5*k**2 - 3*k - 6. Suppose 11*z = 27 + 39. Determine g(z).
12
Let o(i) = 10*i + 0*i**2 - 18 + i**2 + 5. Suppose -723 = 4*n - 356 - 323. What is o(n)?
-2
Let l(w) = w**3 - w**2. Let y(i) = 2*i**3 - 9*i**2 + 7*i + 4. Let k(z) = -l(z) + y(z). Give k(7).
4
Let f be (3 - 1) + (2 - 3). Suppose -j = -2 + f. Let l(p) = 4*p**2 - p + 1. What is l(j)?
4
Let g(u) = u**3 - 50*u**2 + 61*u - 585. Let d be g(49). Let k(b) be the third derivative of -2/3*b**3 + 2*b**2 + 1/8*b**4 + 0 + 0*b. Determine k(d).
5
Suppose s + 9 = 4*s. Suppose 2*l - s = 1. Let i(c) = 7*c**2 + 6*c + 5. Let v(g) = -g**2 - g - 1. Let n(j) = -i(j) - 6*v(j). What is n(l)?
-3
Let i(l) be the third derivative of -1/6*l**3 + 1/24*l**4 - 4*l**2 + 0*l + 0 - 1/120*l**6 - 1/20*l**5. Let z be (-12)/66 + 31/(-11). What is i(z)?
-4
Let r(q) = 1 - q**2 + 6*q**2 - 2 + q. Suppose v - 4*z = 17, -17*v + 3*z + 16 = -13*v. Give r(v).
5
Let o be (8/6)/((-8)/(-12)). Suppose o*d + 2 = d. Let t(k) = -9. Let f(a) = -a - 9. Let z(q) = d*f(q) + 3*t(q). Calculate z(6).
3
Let w = -10 - -14. Suppose -g + w = -2. Let x(u) = 3 - 7*u**2 + u**3 - 44*u + 74*u - 26*u. Calculate x(g).
-9
Let x = 16 + -12. Let l(h) = 11*h + 2*h**2 + 1 - x*h - 2 - h**2. Give l(-6).
-7
Let g(q) be the second derivative of 2/3*q**3 + 0 - 1/12*q**4 + 20*q - q**2. Let h(v) = 5*v. Let t be h(1). What is g(t)?
-7
Let l(t) = -4*t + 15. Let q(w) = -9*w + 31. Suppose 3*y - 3 = 3*k, 3*y - 7*y = -3*k. Let a(g) = y*q(g) + 7*l(g). What is a(9)?
3
Let x(i) = -i**2 - 5*i - 1. Suppose 370*r - 2 = 371*r. Let z(b) = -2*b**2 - 11*b. Let g(l) = r*z(l) + 5*x(l). Suppose 2*m + 1 + 7 = 0. Calculate g(m).
-9
Let b be (2/4)/((-2)/4). Let n(u) be the first derivative of 0*u**3 - 1/2*u**2 - 2 + 11/4*u**4 - u. What is n(b)?
-11
Let n be (-12)/(-9) - 4/12. Let d be 28/24 - n/6. Suppose 0 = -5*s + 3*s + l + 3, 2*s - 5*l = -d. Let z(q) = q**2 - q + 2. Determine z(s).
4
Let k(l) = l**3 - l**2 - l - 3. Let r(j) = -4*j + 0*j + 8*j - 6*j - 4. Let h be r(-3). Suppose 3*n - 4*z + 7 = 0, 5*n - h*z + 5 = 4*n. Give k(n).
12
Let n(s) be the first derivative of s**4/4 + s**3/3 - s**2/2 - s - 14. Let m(r) = -r**3 - 6*r**2 + 7*r + 4. Let y be m(-7). Suppose -2*q = -y*q. Calculate n(q).
-1
Let q = 11 + -5. Let k(d) be the first derivative of -d**3/3 + 2*d**2 + 5*d + 448. What is k(q)?
-7
Let t(n) = -n**3 - 5*n**2 - n + 5. Suppose -26*x + 700 = -54*x. Suppose 5*s + 2*g + 153 = 0, -3*s = s - 5*g + 96. Let o = s - x. Determine t(o).
-7
Let o(l) = 10*l**2 - 50*l - 4. Let y be o(5). Let h(f) = -f**3 - 3*f**2 - 4*f. Determine h(y).
32
Let o(w) = 56 - 17*w - 58 + 16*w. Suppose -5 - 5 = 2*j. Let s(u) = -u - 2. Let c be s(j). Determine o(c).
-5
Let g(v) = -v**2 - 26*v - 79. Let n(t) = -3*t + 13. Let i be n(12). Let r be g(i). Let u(q) = -q**3 - 10*q**2 - q - 6. What is u(r)?
4
Let o(f) be the first derivative of f**3/3 + 4*f**2 + 10*f - 109. Calculate o(-4).
-6
Suppose 27*k + 45 = 126. Let t(m) be the third derivative of 0 + 5/24*m**4 - 1/60*m**5 + 9*m**2 - 2/3*m**k + 0*m. What is t(5)?
-4
Let j = -171 + 171. Let a(g) = g**2 + 4*g. Suppose -2*n + n = 3. Let s(k) = -2*k**2 - 7*k - 1. Let x(h) = n*s(h) - 5*a(h). Give x(j).
3
Let z = 6 + -2. Let a(d) be the second derivative of -d**5/60 + d**4/12 + 2*d**3/3 - 3*d**2/2 + 8*d. Let w(u) be the first derivative of a(u). What is w(z)?
-4
Let s(x) = -x**3 + 6*x**2 + 5*x + 10. Let d be s(7). Let f be d + 4 - -4 - 11. Let g(a) = -a**2 - 6*a + 6. Calculate g(f).
-1
Let f(l) = l**3 + 5*l**2 - 4*l + 7. Let j(k) = k**3 - 20*k**2 + 19*k + 24. Let t be j(19). Suppose -31 = 5*g - 2*z - 9, -2*g = 3*z + t. Give f(g).
-5
Let j be 0 + (1 - 2)/(-1). Let k(r) = -5*r**2 - 110*r - 6. Let d be k(-22). Let q(x) = x - 1. Let u(g) = 8*g - 4. Let t(o) = d*q(o) + j*u(o). Give t(3).
8
Let h be 0 - (-1 + 1 - -1). Suppose -6*r - 5*i + 165 = -r, -r - 2*i = -34. Let z(k) = -10*k**2 + r*k - 32*k. Determine z(h).
-10
Let c be 3 + 4*(-44)/16. Let i(r) = -r - 3. Let z(s) = -3*s - 8. Let b(v) = -7*i(v) + 2*z(v). Determine b